j be f(1). Let s = -129 - j. What is the greatest common factor of q and s?
3
Suppose -312 = -9*k + 498. Suppose 0 = 4*p - 4*f + 235 - 59, 4*f - 16 = 0. Let s = p + k. What is the highest common divisor of 20 and s?
10
Suppose 239*s + 14 = 246*s. Let l be (-75)/(-1) - (-4)/s. What is the greatest common divisor of 35 and l?
7
Let y = -12 + 14. Suppose -y*a - a + 550 = 5*d, -d = -5*a - 82. Suppose 5*j - d = 433. What is the highest common factor of 12 and j?
12
Let u(k) = 23*k**2 + 1. Let a be u(-1). Let i = a + -12. Suppose 0 = -4*z + 3*r + 19, -2*z - r + i = -5*r. What is the greatest common divisor of z and 32?
4
Suppose 4*f + 3*j + 1604 - 4034 = 0, 4*f + 7*j = 2454. What is the highest common factor of f and 9?
9
Suppose w + 3*r + 11 = 0, 4*w + 2*r - 8 = -2. Suppose -4*l - 5*q = -943, l + 244 = 2*l + w*q. Calculate the highest common factor of 145 and l.
29
Let t be ((-2)/7)/(1/7). Let m be 56203/111 - t/(-6). What is the highest common factor of 46 and m?
46
Let f(u) = 39*u**2 - u. Let o be f(-1). Suppose -c = 4*c - o. Let k(h) = h**2 + 7*h - 14. Let w be k(6). What is the greatest common factor of c and w?
8
Suppose 4*b - 3*d = -25, d + 3 + 2 = 0. Let l be (-25 + (-25)/(-5))*b. Calculate the highest common factor of 120 and l.
40
Let p be (4 + (-676)/(-8))*-1*8/(-12). Suppose 5*n - 75 - 220 = 0. What is the highest common divisor of p and n?
59
Suppose 0 = -3*b + 5*z + 40, 2*b - 12 - 23 = 5*z. Let s be (-3)/(-15) + 154/b. Let q = -1910 - -1972. What is the highest common factor of q and s?
31
Suppose 14*c + 4*o = 11*c + 2549, 0 = -2*o - 2. What is the greatest common factor of c and 69?
23
Let l be ((-4)/9)/(79/(-711)). Suppose -608 = -l*j - 15*j. Suppose d = w + 2*d - 14, 4*w = 5*d + 74. Calculate the greatest common divisor of j and w.
16
Let g be 24*(-21)/(-56) - -2967. Calculate the greatest common factor of g and 93.
93
Let x = 612 - -1225. What is the highest common divisor of x and 33?
11
Suppose 12*i - 4 = 20. Suppose u + 4*u + 3*r - 68 = 0, -2*r - 40 = -i*u. Calculate the highest common factor of 60 and u.
4
Let v(n) = -6*n**2 - 70*n - 245. Let x(u) = 3*u**2 + 34*u + 122. Let d(k) = 3*v(k) + 7*x(k). Let m be d(-8). Calculate the greatest common factor of 58 and m.
29
Suppose -19*z + 55 = -8*z. Suppose -5*s + 4*s = -5*u + 144, 152 = z*u - 3*s. What is the greatest common factor of u and 196?
28
Suppose -2*u - 41 - 2 = -5*n, -u = 4. Suppose 4*t - 628 = -4*i, t + 4*i + 33 - 178 = 0. What is the greatest common factor of n and t?
7
Let k be 26 - 4/(2*-1). Let w be (-11 - (-5 + -4))*-2. Suppose w*y = -2*n + 12, 3*n + 2*y - k = 6*y. What is the highest common factor of 20 and n?
4
Let f(x) = 1107*x - 17532. Let z be f(16). Let b be 2*6*6/2. What is the greatest common factor of b and z?
36
Let g be -1 + 1 + 1 + 1. Suppose 0 = 2*l + g*k - 24, 0 = 5*l - 7*l - 3*k + 29. What is the highest common divisor of l and 9?
1
Suppose 0 = -67*u + 46*u - 210. Let l = -1 - 0. Let q be (l*12/(-15))/((-4)/u). What is the greatest common factor of 3 and q?
1
Let a be (-888)/(-42) + (-328)/287. What is the greatest common divisor of 8830 and a?
10
Let k = -172 - -183. Suppose k*r + r - 216 = 0. Calculate the greatest common divisor of r and 42.
6
Let l be 3 + (-1 - (-3 + 1)) + -80. Let f = 439 + l. Calculate the greatest common divisor of 33 and f.
33
Let q = 9837 + -9829. Calculate the highest common divisor of q and 4088.
8
Suppose 0 = -12*b + 188 + 100. Suppose 4*h - a - 48 = 0, 0*h + 2*h + 5*a - b = 0. What is the highest common divisor of 12 and h?
12
Suppose 4*m - 20 = -m. Suppose -m*v = -2*a - 0*v + 32, 4*a = -4*v + 16. Let q be (a/(-10))/((-4)/240). Calculate the greatest common factor of q and 16.
16
Suppose 0 = -146*b + 156*b - 1400. Suppose 4*h = 6*h. Let z be (3 + h)*(-112)/(-6). What is the highest common factor of z and b?
28
Suppose 37*d - 1373 = 9*d + 2211. What is the highest common factor of 2032 and d?
16
Let f(s) = 38*s**2 - 3*s - 4. Let c be f(-6). What is the highest common factor of 2 and c?
2
Let x(v) = -544*v**2 - 10*v - 12. Let j be x(-1). Let g = 997 + j. What is the highest common divisor of 41 and g?
41
Let f(t) = -29*t + 1845. Let h be f(53). What is the greatest common divisor of 1204 and h?
28
Let j be (-2)/11 - ((-2886)/143 + 17). Let s = 69 + -45. What is the greatest common factor of s and j?
3
Let b = 2636 - 656. Suppose b = 6*u - 1530. Suppose 2*i = 4*i, -5*j + u = 2*i. What is the greatest common divisor of j and 13?
13
Let w(i) = i**2 + 3*i + 2. Let r be w(-4). Let b be ((-84)/(-8) + -1)*10. Suppose 5 - b = -5*s. Calculate the greatest common divisor of r and s.
6
Suppose 4*o - 160 = 32. Suppose -14*b = -10*b - 20. Let i be (-9)/(-6)*-4*(-10)/b. Calculate the greatest common factor of o and i.
12
Let o = 1189 + -1157. Calculate the greatest common divisor of 1376 and o.
32
Suppose 0 = -9*o - 4*o + 52. Suppose o*f + 3*w = -w + 184, -5*w - 127 = -2*f. Let b be 18 + (-4 - -2) + 1. Calculate the greatest common factor of b and f.
17
Let n = -1636 + 1696. Calculate the greatest common factor of 195 and n.
15
Let n(l) = -86*l**2 + 10*l. Let c be n(-2). Let z = -174 - c. Calculate the greatest common factor of z and 114.
38
Let u(d) = d**3 - 21*d**2 - 18*d - 81. Let h = 35 + -13. Let y be u(h). What is the greatest common divisor of 343 and y?
7
Let u be (-18)/(-63) + (-4266)/(-14). Suppose -u = -5*x + 5*m, 4*m - 176 = 2*x - 5*x. Calculate the highest common divisor of x and 80.
20
Suppose -5*i + 50 = 5*q, -2 = 3*q - 17. Let u be 3 + i - (0 + 0). Let s be (62/u - 2)/((-1)/(-4)). What is the highest common factor of 69 and s?
23
Let h be 510/21 - (-6)/(-21). Let t(l) = -15*l - 23*l**2 - 27*l**2 - 6 + 87*l**2 - 32*l**2. Let s be t(-6). What is the greatest common factor of s and h?
24
Let v = 793 + -377. Let z = v - 398. Let g = -3 + 5. What is the greatest common factor of z and g?
2
Let o = -35 - -58. Let j = o - 65. Let f be (-32)/(-6)*(0 - j/4). Calculate the greatest common factor of f and 14.
14
Let p = -5369 + 5375. Calculate the highest common divisor of p and 7230.
6
Suppose -4*q = -5*j + 2050, 1646 = 4*j + 91*q - 93*q. What is the highest common factor of 1012 and j?
46
Let j(z) = -z**2 - 15*z. Let o be j(-12). Let c = o - 18. Let m be (-204)/(-33) - -2*6/(-66). What is the greatest common divisor of m and c?
6
Let a = 56 + -50. Suppose 6 = -a*n + 12. Calculate the highest common divisor of n and 1.
1
Suppose 25*g + 3529 - 9141 - 7388 = 0. What is the highest common factor of g and 845?
65
Suppose -3*r + 33 = -39. Suppose -a + r = a. Let q be 266/18 + a/54. What is the highest common divisor of q and 105?
15
Let m(f) = -f**3 + 4*f**2 + 26*f + 10. Let r be m(7). Suppose 200*h - 195*h = r. Calculate the greatest common divisor of 9 and h.
9
Suppose -3*o + 11*o = 136. Suppose -v = 2*u - 3 + 1, -o = -5*v - 3*u. Let c be 668/v + (2 - (1 - -3)). What is the highest common factor of 66 and c?
33
Suppose 5*k + 5*o = 55, 5 = o + 2. Suppose -3*u + 92 = 12*s - k*s, -4*u + 2*s + 108 = 0. What is the highest common factor of u and 21?
7
Suppose -9*k + 154 + 98 = 0. Suppose -t = -3*h - 33, 5*h + k = -5*t + 213. Calculate the highest common divisor of t and 306.
18
Let u(k) = 7*k**3 - 22*k**2 - 39*k + 203. Let d be u(7). What is the greatest common factor of 70 and d?
7
Suppose 0 = 7*b - 441 + 42. Let m = 51 + b. Calculate the highest common factor of 63 and m.
9
Let t be (3 + -2 + 2)*4. Let k = -214 - -217. Suppose 0 = 19*j - 24*j + p + 96, 0 = 3*j - k*p - 48. What is the highest common divisor of t and j?
4
Let w be (-5)/(15/(-636)) + -2. Suppose t - 2*y = -18, -2*y - y - 155 = 5*t. Let u be (-567)/t - 3/(-4). What is the highest common divisor of u and w?
21
Let p be 1 + (-16)/(16/375). Let h = -362 - p. Let o(b) = b**3 + 4*b**2 - 6*b - 2. Let f be o(-5). Calculate the highest common factor of f and h.
3
Let q(h) = h**3 - 31*h**2 - 113*h + 1561. Let d be q(33). Suppose 3*r + 35 = -88. Let s = r - -121. Calculate the greatest common factor of s and d.
10
Suppose 17*h = -3*h + 2400. Suppose 3*o - 27 = 2*j, -2*j - 2 = 4*o - 2*o. Let y be (2/j)/(3/(-135)). Calculate the highest common factor of h and y.
15
Suppose r = -5*i + 317, 1388 = 6*r - 2*r - 4*i. Let t(l) = -4*l**2 + 83*l - 42. Let j be t(20). Calculate the greatest c